ate the highest common factor of o and 117.
13
Suppose 5*h - 584 = 3*c, -2*c = 3*c - 2*h + 986. Let q = c - -486. Calculate the highest common factor of q and 32.
32
Suppose 2*s = 8, 2*i - 81 = s + 67. Suppose 5*l - 24 = i. What is the greatest common divisor of l and 5?
5
Let t be (1 + -2 + -1)*-1. Suppose 7*z = t*z + 85. Let n = z - 6. Calculate the greatest common divisor of 77 and n.
11
Suppose -2*m - 462 = -13*m. Calculate the greatest common divisor of 14 and m.
14
Let n(u) = 3 - 3 + 14*u + u. Let p be n(2). Let c(r) = 2*r**2 + 5*r - 2. Let w be c(-4). What is the highest common divisor of p and w?
10
Suppose -4*t - 4*b - 11 = -3, 0 = -2*t + 4*b + 14. What is the greatest common factor of 5 and t?
1
Suppose -3*f = 4*g - 1 + 4, 4*f + 20 = 0. Let r be 786/(-12) - 1/2. Let s be ((r/(-1))/2)/1. Calculate the greatest common factor of g and s.
3
Let i be 638/10 + (-17)/(-85). Let s(l) = -l + 1. Let r be s(-7). What is the highest common factor of r and i?
8
Suppose 0 = c + 3*c - 24. Suppose 9*w - c*w = 6. Let m be (-9)/(-2)*8/6. What is the highest common factor of m and w?
2
Let y be (40/6)/(2/18). Suppose 3*h + h = -y. Let v be 4/10 - 114/h. What is the greatest common divisor of 80 and v?
8
Let j(n) = 2*n**3 - n**2 - n - 2. Let p be j(2). What is the greatest common divisor of 4 and p?
4
Let q(g) = 2*g**2 - 8*g + 2. Let c be q(6). Suppose -3*m + 65 = 2*m. What is the greatest common factor of c and m?
13
Let p be (-483)/(-9) + (-12)/(-9). What is the highest common factor of p and 11?
11
Suppose -3*y = -4*y + 39. Let g = 69 - y. Suppose 3*l - 3*r - 45 = 0, -l - r = 3*r. Calculate the greatest common factor of l and g.
6
Let v = -67 - -257. Calculate the greatest common factor of v and 38.
38
Suppose -3*f = -3*d - 0 + 15, d = 5. Let h be f - 2*(-4 + 0). Let n(i) = 16*i**2 + 3*i - 3. Let p be n(1). What is the greatest common factor of h and p?
8
Let s be (-16)/(-6)*((-93)/(-6) - 5). What is the greatest common divisor of s and 4?
4
Let z be (-1)/1 - 1*-28. Let c = z + -6. Suppose -2*a + 50 = 4*x, 0*x + 3*a = 2*x - c. What is the highest common divisor of 12 and x?
12
Let y be 150/4*(-4)/(-3). Let k = y - 8. What is the highest common divisor of k and 6?
6
Let t(c) = -c - 1. Let h(y) = y**2 + 11*y - 4. Let p(v) = -h(v) - 4*t(v). Let a be p(-8). Let w = a - -1. Calculate the highest common divisor of 2 and w.
1
Let t = 1 - -1. Suppose -3 = -t*v + 1. Let q be -1 + 12 + 1 - v. Calculate the greatest common factor of q and 2.
2
Suppose 3*r - 5*p - 34 = 0, p - 7 = -6*r + 2*r. Calculate the highest common divisor of 1 and r.
1
Let l = 2 + -8. Let y(g) = -g**2 - 8*g - 9. Let q be y(l). Calculate the highest common divisor of q and 3.
3
Let b be 1 + 1*-3 - -41. Let i(c) = c**3 + 5*c**2 + 4*c + 13. Let o be i(-4). What is the greatest common divisor of b and o?
13
Let y be 1 + -1 + 22 + -7. Let g be (20/(-6))/((-8)/36). What is the highest common factor of g and y?
15
Let h(p) = 25*p - 1. Let z be h(1). What is the greatest common factor of 144 and z?
24
Let i = -3 + 1. Let f be i/(-12) + (-858)/(-36). Let p = -31 + 67. What is the greatest common divisor of p and f?
12
Let n be 2*(4 + -3) - -42. What is the greatest common factor of 11 and n?
11
Let c(i) = 84*i**2 + 1. Let h be c(-1). Calculate the highest common divisor of h and 17.
17
Let b = 41 - -85. Calculate the greatest common factor of b and 14.
14
Let f be (-18)/(-81) - (-86)/18. Suppose -a = -6*a - 3*c + 61, f*a = -5*c + 65. Calculate the greatest common divisor of 55 and a.
11
Let f(j) = 2*j + 1. Let k be f(2). Suppose -k = -4*z + 3. Suppose 0 = l + z*v - 14, -5*l + 88 = -0*v + 4*v. Calculate the highest common divisor of 30 and l.
10
Suppose -3*x - 8 = -x, 5*o + 5*x = 0. Suppose o*p - 312 = -72. Calculate the highest common divisor of p and 24.
12
Suppose -3*f = -73 - 14. Let w be 1*-1 - (3 + f). Let s be (-501)/w + (-2)/11. Calculate the greatest common factor of s and 165.
15
Let l be 1/(1*(-1)/(-25)). What is the greatest common divisor of l and 225?
25
Let q be 2 + 0 - (-1 - 0). Suppose 5*p + 3*t - 2*t = 11, 4*p - 5*t = 32. Calculate the highest common factor of p and q.
3
Let s(h) = -11*h + 68. Let a be s(5). Let f be (-47)/7 + 4/(-14). Let w = a + f. What is the greatest common factor of 66 and w?
6
Let a(s) = -6*s + 6. Let t be a(-7). What is the greatest common factor of 12 and t?
12
Let v(l) = 11*l - 2. Let a be v(4). Let k be (8/(-6))/(2/(-21)). Calculate the highest common factor of a and k.
14
Let d(f) = -2*f**2 + 3*f - 3. Let a be d(3). Let z(j) = -7*j - 18. Let c be z(a). Calculate the highest common factor of c and 6.
6
Let g(h) = h - 14. Let p be g(12). Let t = p + 27. What is the greatest common factor of 5 and t?
5
Let d(k) = -19*k + 1. Let x be d(-1). Let p(r) = -r**2 - 8*r - 9. Let j be p(-7). Let h be 122/4 - (-1)/j. Calculate the highest common factor of x and h.
10
Let p be -1 - (-3)/(9/120). Let z be ((-2)/(-1))/(-1) + 89. Suppose 3*d = -3*w + d + 72, -3*d = -3*w + z. What is the highest common factor of w and p?
13
Let n(a) = a**3 - 5*a**2 - 5*a - 7. Let y be 52/8 + 2/(-4). Let d be n(y). Let v be 46/4 - d/2. Calculate the greatest common factor of v and 18.
6
Let d(l) = l**2 + 4*l + 3. Let v be d(-6). Suppose 5*y = -0*y + v. Calculate the greatest common factor of 33 and y.
3
Let y be ((-117)/(-6) - -4)*18. What is the greatest common divisor of 47 and y?
47
Let h(q) = -4*q**3 - 2*q**2 - q. Let i be h(-1). Let p = 90 - 57. What is the highest common factor of i and p?
3
Let q = -9 + 12. Calculate the greatest common factor of 6 and q.
3
Suppose -6*i + i = -20. What is the highest common divisor of i and 16?
4
Suppose 0 = -p - p + 6. Suppose -i = -1 - p. Suppose 0 = -i*m + y + 263, -2*y - 266 = m - 5*m. Calculate the greatest common divisor of m and 13.
13
Suppose 3*g + 2*g - 599 = -3*z, -2*g = -3*z + 613. Calculate the greatest common divisor of z and 29.
29
Let k(u) = 2*u - 6. Let h be k(-5). Let r be h/56 - 88/(-14). What is the highest common factor of r and 3?
3
Suppose -16 = -2*n - 2*n. Let v = 1 - -3. Let k = 24 - v. Calculate the greatest common divisor of k and n.
4
Let a(c) = 15*c**2 - c - 1. Let h be a(-1). Suppose r + 57 = 162. Calculate the highest common factor of r and h.
15
Let a = -10 + 17. Suppose -2*v - 5 = -a*v. Let n(k) = 2*k - 3. Let f be n(2). What is the greatest common factor of v and f?
1
Let r = 59 - 4. Let g be 12 - 6 - (-1)/(-1). Calculate the highest common divisor of g and r.
5
Suppose -5*u - 3*a = -388, a + 2*a - 3 = 0. Calculate the greatest common divisor of 7 and u.
7
Suppose -3*a + 30 = 2*a. Let i = 268 + -175. Suppose r = 5*o + 13, -6*o + i = 5*r - 3*o. Calculate the greatest common divisor of r and a.
6
Let p = -40 - -72. Calculate the greatest common divisor of p and 8.
8
Let b = -9 + 15. Let y = 2 - 2. Suppose -4*d + 5*t + 182 = 0, -10 = -y*t - 5*t. Calculate the highest common divisor of b and d.
6
Suppose -3*x - 2*x = -10. Let t be 99/(-45) + (-2)/(-10). Let u be 13/2 + 3/t. What is the highest common divisor of u and x?
1
Let s(h) = -12*h - 6. Let k be s(-6). What is the greatest common divisor of k and 44?
22
Let o = 159 - 42. Suppose -o = -6*v + 3*v. Calculate the highest common divisor of v and 13.
13
Let m = 5 + -1. Let d be (4/(-3))/(m/(-66)). Let f = 6 + -4. Calculate the greatest common divisor of f and d.
2
Suppose 4 = 2*v - 0. Suppose -m = -v*m + 3. What is the greatest common factor of 27 and m?
3
Let p(n) = -n**2 - 4*n - 6. Let a be p(-4). Let f be a/(-21) - 162/(-21). Suppose 0 = -y - y + 4, 3*y = -h + 38. What is the greatest common divisor of h and f?
8
Suppose 7*i = 72 + 320. Calculate the highest common factor of i and 84.
28
Suppose o - 4*v = -1, -4*v + v + 3 = 0. What is the highest common divisor of 48 and o?
3
Let c be (-44)/5*(-11 - -1). What is the greatest common divisor of c and 8?
8
Suppose 375 = 19*f - 4*f. What is the greatest common divisor of 200 and f?
25
Suppose -3*s = -8*s + 70. What is the greatest common factor of 154 and s?
14
Let x = -144 + 180. Let p = 5 - 1. Calculate the greatest common factor of x and p.
4
Let j = 42 + -31. What is the highest common divisor of j and 55?
11
Suppose 3*i = -5*n + 152, 0 = 4*i - 6 - 10. Let f(h) = h**2 - 5*h + 4. Let j be f(5). What is the highes